+ (-40 - 25)
-47
Calculate 62 + -5 + (19 - 17 - (6 + -8)) + 1.
62
Evaluate 2 + 4 + (18 - (24 + -20)).
20
Evaluate (-13 - (-2 - 13)) + -24 + -9.
-31
What is the value of (207 - (204 + -52)) + -105?
-50
What is the value of (19 - 5) + (-3 - (3 + 2)) - -37?
43
What is the value of (271 - 181) + (14 - 9) + -40?
55
Evaluate 11 - (-10 + -2 + (-11 - -2 - -2)).
30
Evaluate -625 - -488 - (-253 + -3).
119
What is 2 + (-16 - -29 - 6) + (2 - 14) + -25?
-28
Evaluate (63 + -101 - 67) + 62.
-43
Evaluate -2 + 9 - 30 - 2 - -92.
67
Calculate 9 - (9 - (-4 - (9 - 27))).
14
What is (8 - 5) + 75 - ((115 - 54) + -55)?
72
What is -48 + -39 + 43 + 75 + -10?
21
What is 6 + -1 - (113 + 4 + -5 + -4 + -7)?
-96
What is the value of -15 + (2 + (-24 - -3) - -11)?
-23
What is the value of 6 - (-5 - -14 - 0 - -10)?
-13
What is -4 - ((4 - (-28 - (-29 + 5))) + -151)?
139
Calculate 2 - -30 - (-16 + 18 - 8 - -13).
25
Calculate 16 + (2 - -4) + (14 - ((-2 - -22) + 10)).
6
Evaluate -11 - ((-13 - (-13 - 17)) + -25).
-3
-9 + 0 + 3848 + -3823
16
What is -55 + (5 + -22 - (73 - 107))?
-38
Calculate -47 + 95 + -57 + (-4 - ((-5 - -3) + -1)).
-10
(-13 - -2) + 34 + -19 + -7 - (-15 - 27)
39
What is the value of -1 - -8 - (-32 - (-10 - (2 + 17)))?
10
What is -23 + (22 - 15) + -13 + 44?
15
Evaluate 1 - 114 - (-2047 - -2020).
-86
-9 - (-605 + 554 - (-1 - ((0 - -2) + -1)))
40
What is -3 + (71 - 42) - 6?
20
What is -46 - (-9 + -48) - -6?
17
Calculate (-3 - 0) + 38 + (-214 - -211).
32
What is -21 - (-69 - 14) - 23?
39
Calculate 29 + (-28 - (-36 + 29)) - (-33 + 0 - 3).
44
-177 + -40 + 37 + 119
-61
What is (26 - (28 - 4) - (9 + 0)) + -6?
-13
What is the value of 14 + -2 - ((0 - (0 - 17)) + -12)?
7
Evaluate (46 - (-6 - -3)) + (-1577 - -1571).
43
Calculate (68 - (-46 - 17)) + -134.
-3
What is 14 + -32 + 84 + -10 + 1 + -2 + 3?
58
Calculate 117 + -32 - (212 + -177).
50
What is the value of 37 + (-17 - (-12 + 5) - (4 + -2) - -11)?
36
Calculate (-1 - (11 + -4)) + (34 - (17 - -2)) + -14.
-7
Calculate 128 - ((-21 - -41) + 64).
44
What is the value of (-1 - (46 - (-7 + 1))) + 62 + -51?
-42
What is the value of (-18 - 0) + (105 - 167) + 24?
-56
-29 + 30 + -7 - 0
-6
What is -70 + (-5 - -11) - (24 + -47 + 15)?
-56
Calculate 5 - (67 + -50 - 44).
32
Evaluate 6 + (12 + -17 - -9) + 1.
11
What is the value of (-69 + 41 - -53) + -40?
-15
Calculate (0 - -65) + 81 + 40 + -122 + (-11 - -2).
55
What is 2 + -28 + -1607 + 1672?
39
What is (-22 + -2 - (-66 - -22)) + 18?
38
Calculate -519 + 536 - (8 + (3 - -4)).
2
What is the value of -8 + (-6 + 28 - (76 + -19))?
-43
Calculate 0 + 20 + -2 - (3565 + -3588).
41
What is -22 - -3 - 24 - -89?
46
Evaluate 99 + (-156 - -71) + -53 + 0.
-39
What is -39 - ((71 - 95) + 8)?
-23
(38 - (59 - -50)) + 98
27
Calculate 8 + 2 - (17 + -1 - (-102 - -110)) - 64.
-62
3 + 0 + -17 + (39 - (17 - 7))
15
Calculate 0 + -31 + (221 - (178 - -48)).
-36
Calculate -3 + ((-34 - -30) + -16 + 9 - -99).
85
What is the value of -9 - (-71 - -27 - 12)?
47
Evaluate -6 + 20 + -5 + -246 + 312.
75
What is the value of 0 + 1 + 1 - 4 - (55 - (-306 + 317))?
-46
Calculate (22 - -22 - 23) + -60.
-39
(8 - ((-3 - -12) + -10)) + -9 + 25
25
Evaluate 1 + -7 + -14 + 9 + 3 + -2.
-10
Evaluate 29 + (-24 - (-109 + 75)).
39
What is the value of -59 - (-4 + (7 - 3) + (-45 - -52)) - -3?
-63
What is the value of -1 - ((-44 - 2) + (-15 + 9 + -9 - -6))?
54
Calculate ((-594 - -588) + (-1 - (-21 - 1)) - 7) + 19.
27
Evaluate -28 + (-11 - -72) + -28.
5
What is the value of -13 + 25 + -14 + 3 + 6 + -27 + 5?
-15
What is (0 - (-9 + 19) - 39) + 23?
-26
What is -10 + 17 + -15 + -9 + 4 + 57?
44
Calculate ((5 - (-5 + 9)) + -1 - -4) + -10 + 16.
10
What is 98 + 106 + -107 + -58?
39
What is -46 - (50 - (-52 - -59))?
-89
7 + -9 - (19 + (25 - 52))
6
What is the value of (-36 + 94 - 44) + (3 - (5 - (0 + 4)))?
16
144 + 103 - 104 - (6 + 0 + (0 - -1))
136
-58 + 6 - (26 - (-2 + 32))
-48
What is the value of -6 - 72 - (163 - 163) - -32?
-46
60 + -8 + -23 + 9 - 5
33
Calculate (-110 - (-194 + 89)) + (3 - 4) + 19.
13
What is the value of (-136 - -181) + 18 + -3?
60
Calculate -24 + (70 + -58 - (7 + -3)).
-16
What is -10183 + 10260 - (0 + 33)?
44
What is (-5 - (-58 - 5)) + -5 + 5 + -4 + 11?
65
7 - ((7 - -1) + 17 + -23 + (18 - 17))
4
What is the value of 7 - 5 - (16 - 0 - (176 - 159))?
3
What is the value of -95 + 140 + 17 + (-2 + 0 - -1) + -1?
60
Calculate (-8 - 2) + (-355 - -329) - (6 + -14).
-28
-10 + -8 + 56 - (-8 - (1 - 2))
45
Evaluate (27 + 35 - 19) + (-15 - -2 - 0).
30
Evaluate (17 - (12 - -2)) + -21 + -41.
-59
What is the value of -1 - -10 - (-290 - -260 - -97)?
-58
Calculate 1826 + -1868 + 50 + -1.
7
6 - (-12 - (53 - 40))
31
What is the value of 19 + -24 + 24 + -6 + -16?
-3
Calculate -10 - (-6 - (-75 + -1 + -57 + 26 + 23)).
-88
Evaluate -11 - (56 - -37 - 17).
-87
-5 - (20 + -9 + (2 - 0) + -7 + -9)
-2
-255 - -201 - (75 + -113)
-16
Calculate -43 - -123 - 37 - 26.
17
111 + (12 - (0 - -19) - (-14 + -3))
121
What is 1 - ((-13 - -3) + 6)?
5
Calculate 1 + -47 + 160 + 230 + -417.
-73
What is (106 + 19 - 108) + 110?
127
Evaluate 17 + (0 - 5 - (27 + -61)).
46
What is the value of -14 - (-167 + 71 - (1 + -18) - -6)?
59
-1 - (34 - (0 - 4)) - (-63 - -70)
-46
Calculate -112 - -97 - (-1 - 4) - (12 + 21 + 64).
-107
-635 + 753 - (-1 + 30)
89
Evaluate 40 + -49 + -3 + 4 + 12.
4
What is the value of 4 - (-2 + (23 - (-3 + 43)))?
23
What is 14 + -27 + -7 - (-27 - -21) - 7?
-21
Evaluate 14469 - 14448 - (-2 + 1 + -33).
55
Evaluate 21 - 11 - (-3 + 5 + 16 - 3).
-5
What is -6 + -11 + (15 - -58)?
56
What is (-20 - -1 - (1627 - 1669)) + -114?
-91
Evaluate -46 + (-40 - ((-31 - 29) + -23)).
-3
Evaluate -51 + (38 - -8) + (-2 - 70) + -2 + 4.
-75
What is 12 + (10 - -2) - (-2 - (4 + -1))?
29
What is the value of 383 + (287 - 668) - ((-15 - (-1 - 0)) + -1)?
17
(-1039 - -980) + (22 - 1)
-38
Calculate -26 + 23 + 6 - (-2 + -4 - -5) - 89.
-85
What is the value of 31 + (-45 - -48) + 2?
36
(-519 - -698) + (-5 - 65)
109
Evaluate 21 + 58 + -19 - -13 - 11 - (-1 - 0).
63
What is 2 + -4 + 48 - (176 + -171)?
41
Evaluate -1 + -11 - (-74 + (92 - 89)).
59
What is 13 - 9 - ((-25 - -26) + -14)?
17
What is (-18 + (7 - -6) - 3 - 7) + 14?
-1
(16 - 8) + 2 + -27 + -15
-32
5 + -32 + (-38 + 7 - -13) + 15 + 8
-22
What is -6 + 7 + -15 - (-19 + -44)?
49
Calculate 4389 + -4403 - (2 + -2 + -11).
-3
Calculate -18 + 1 + (1 - -9) - 40 - (-13 - -20).
-54
-1 + 171 + 697 + -806
61
Evaluate (-1 - 0 - 5) + 114956 + -114960.
-10
-7 - (0 - (9 + (9 - (-4 - -7))) - -19)
-11
Evaluate -82 - ((5 - 7) + (5 - (-13 - -24 - 10))).
-84
What is 16 - (24 - 18) - ((6 - 3) + 75 + -4)?
-64
What is the value of 78 - 119 - -147 - 49?
57
-127 + 26 + -1 + (671 + -675 - (-1 - -10))
-115
Evaluate -61 - (9 + -4 + -4) - (-11 + 6).
-57
What is -2 + 2 + (0 - -2) + -145 + (-109 - -276)?
24
Evaluate 13 + -7 - 0 - 4 - (-14 - 1).
17
What is the value of -2 + (-26 - 1 - (-9 - (-41 + 5 - -19)))?
-37
Calculate 40 - (-20 - -77 - 13).
-4
What is the value of -6 + (4 - -7 - (-6 + 29 + 18))?
-36
Calculate (-2 + 1 + -24 - (5840 - 5846)) + -18.
-37
What is (32 - 0) + -4665 + 4685?
52
Evaluate 105 - -3 - (-836 + 872).
72
Calculate -5 + 48 + -95 + 29.
-23
Evaluate (1044 - 1060) + (-1 + 0 - -13).
-4
What is -17 + -4 + 40 - (62 + -1 + -2)?
-40
What is -279 + 89 + 166 + (-1 - -19)?
-6
Evaluate -9 + 0 - (-73 - -98 - 40).
6
(-112 - -39 - -42) + -17
-48
What is 19 + -21 + 68 + 5 + (-3 - 3) - 5?
60
What is -14 + (10 - 4 - -26) - -25?
43
Evaluate 41 + (132 - 206) - (26 - 0).
-59
What is the value of -5 - (-87 + 38 - 7)?
51
What is the value of (15 - 5) + -118 - (-26 - -37)?
-119
-19 - (11 + -20 + 0 + 193 + -187)
-16
Evaluate 1 + (-3 - -4) - (189 - 54 - 61).
-72
Calculate (-2 - (3 - 0)) + -110 - (-287 + 274).
-102
What is the value of -17 + 1 - (6 + 21 - 1 - 20)?
-22
Evaluate 118 - -2 - (33 + -2 + -7 + -9).
105
What is the value of -2 + 2 - (-12 + 13 - 13) - 46?
-34
Calculate 20 + -5 + (7 - 29) + -5.
-12
-3215 - -3033 - (-117 + 3)
-68
What is 20 + -13 + 10 + 2 + -15 - (29 - 2)?
-23
What is the value of (54 - (21 - -54)) + 17 - (-1 - (1 - 1))?
-3
Calculate -83 + (-26 - (-27 + -26 + -1)).
-55
Evaluate 12 + (18 - (-6 + 5 + -17 + 26)).
22
-29 + (7 - (-64 - -137))
-95
What is 391 + -298 + (-36 + 2 - -3)?
62
What is -1 + -5 - ((34 - 39 - 0) + -3 + 8)?
-6
(-20 - -20) + (19 + 0 - ((31